{"id":33,"date":"2024-02-18T09:00:30","date_gmt":"2024-02-18T08:00:30","guid":{"rendered":"http:\/\/www.festaperte.org\/festaperte_wp\/?page_id=33"},"modified":"2024-04-17T17:03:43","modified_gmt":"2024-04-17T15:03:43","slug":"mission","status":"publish","type":"page","link":"https:\/\/www.festaperte.org\/festaperte_wp\/?page_id=33","title":{"rendered":"MISSION"},"content":{"rendered":"<p style=\"text-align: left;\"><img decoding=\"async\" loading=\"lazy\" class=\"alignnone size-full wp-image-345\" src=\"http:\/\/www.festaperte.org\/festaperte_wp\/wp-content\/uploads\/2018\/03\/Logo_nuovo_per_email-100px.jpg\" alt=\"\" width=\"87\" height=\"100\" \/>\u00a0 &#8220;<strong><em>Ed allora sar\u00e0 sempre festa per te aps<\/em><\/strong>&#8220;<\/p>\n<p><em>&#8220;L&#8217;Associazione, esercita in via esclusiva o principale una o pi\u00f9 attivit\u00e0 di interesse generale per il perseguimento, senza scopo di lucro, finalit\u00e0 civiche, solidaristiche e di utilit\u00e0 sociale&#8221;<\/em> (art. 5 dello Statuto).<\/p>\n<p>Dal 2001 propone alla cittadinanza Concerti di Musica Classica annuali che tiene nella Sala dei Giganti, al Palazzo Liviano dell\u2019Universit\u00e0 degli Studi di Padova.<\/p>\n<p style=\"text-align: left;\"><strong><img decoding=\"async\" loading=\"lazy\" class=\"alignnone wp-image-72\" src=\"http:\/\/www.festaperte.org\/festaperte_wp\/wp-content\/uploads\/2016\/04\/Universit\u00e0.jpg\" alt=\"Universit\u00e0\" width=\"134\" height=\"89\" \/>\u00a0 \u00a0UNIVERSITA&#8217;<\/strong>:<\/p>\n<p>Da 32 anni sostegno a studenti in grave disagio economico che accompagniamo fino al conseguimento della laurea.\u00a0 Altro sostegno \u00e8 fornito a bambini della Scuola Materna di San Giuseppe di Padova.\u00a0 \u00a0 \u00a0 \u00a0 \u00a0 \u00a0 \u00a0 \u00a0 \u00a0 \u00a0Dal 1992 ad oggi con l&#8217;aiuto dell&#8217;Associazione hanno conseguito la laurea 32 studenti.<\/p>\n<p><strong>\u00a0 <img decoding=\"async\" loading=\"lazy\" class=\"alignnone wp-image-74\" src=\"http:\/\/www.festaperte.org\/festaperte_wp\/wp-content\/uploads\/2016\/04\/Medicinali.jpg\" alt=\"Medicinali\" width=\"128\" height=\"85\" \/>\u00a0\u00a0MEDICINALI<\/strong>:<\/p>\n<p>Particolare attenzione, nell&#8217;amministrazione delle, seppur limitate risorse finanziarie, che sono generosamente donate dagli Associati e dai Sostenitori, viene riservata alla spedizione di medicinali a strutture sanitarie conosciute dal Consiglio Direttivo in Benin e Cuba. Sono medicinali che ci vengono preventivamente richiesti per le specifiche realt\u00e0 sanitarie.<\/p>\n<p><strong>\u00a0 \u00a0<img decoding=\"async\" loading=\"lazy\" class=\"alignnone wp-image-529\" src=\"http:\/\/www.festaperte.org\/festaperte_wp\/wp-content\/uploads\/2018\/10\/adozioni_bambini-300x300.jpg\" alt=\"\" width=\"110\" height=\"110\" srcset=\"https:\/\/www.festaperte.org\/festaperte_wp\/wp-content\/uploads\/2018\/10\/adozioni_bambini-300x300.jpg 300w, https:\/\/www.festaperte.org\/festaperte_wp\/wp-content\/uploads\/2018\/10\/adozioni_bambini-150x150.jpg 150w, https:\/\/www.festaperte.org\/festaperte_wp\/wp-content\/uploads\/2018\/10\/adozioni_bambini.jpg 469w\" sizes=\"(max-width: 110px) 100vw, 110px\" \/>\u00a0 A<\/strong><strong>DOZIONI A DISTANZA<\/strong><\/p>\n<p>Un gruppo di signore si sono unite insieme per raccogliere dei fondi da destinare alle adozioni. Ci hanno chiesto che queste adozioni fossero seguite dalla nostra Associazione. Per loro abbiamo contattato un&#8217;altra Associazione, che riteniamo particolarmente organizzata per questo tipo di aiuto. Sosteniamo una bambina che accompagniamo negli studi nelle classi elementari in Messico.<\/p>\n<p><strong>\u00a0<img decoding=\"async\" loading=\"lazy\" class=\"alignnone wp-image-88\" src=\"http:\/\/www.festaperte.org\/festaperte_wp\/wp-content\/uploads\/2016\/06\/Logo_nuovo_per_email-512px-261x300.jpg\" alt=\"Logo_nuovo_per_email-512px\" width=\"150\" height=\"172\" srcset=\"https:\/\/www.festaperte.org\/festaperte_wp\/wp-content\/uploads\/2016\/06\/Logo_nuovo_per_email-512px-261x300.jpg 261w, https:\/\/www.festaperte.org\/festaperte_wp\/wp-content\/uploads\/2016\/06\/Logo_nuovo_per_email-512px.jpg 445w\" sizes=\"(max-width: 150px) 100vw, 150px\" \/><\/strong><\/p>\n<p><strong>\u00a0INTERVENTI STRAORDINARI<\/strong>:<\/p>\n<p>Alle attivit\u00e0 sopra menzionate vengono affiancati interventi assistenziali straordinari, che di volta in volta vengono preventivamente pianificati dal Consiglio Direttivo.<\/p>\n<p>__________________________________________________________________<\/p>\n<p><span style=\"color: #000080;\"><em>Sede Sociale presso:\u00a0 \u00a0 \u00a0 \u00a0 \u00a0 \u00a0 \u00a0 Centro Parrocchiale San Giuseppe\u00a0 \u00a0 &#8211;\u00a0 \u00a0 \u00a0 Piazzale S.Giuseppe,2\u00a0 \u00a0 \u00a0&#8211;\u00a0 35141\u00a0 \u00a0 \u00a0 Padova\u00a0 \u00a0 \u00a0 \u00a0 Tel. 049.8718626\u00a0 \u00a0 \u00a0 \u00a0 \u00a0 \u00a0 \u00a0 \u00a0 \u00a0 \u00a0 e-mail:\u00a0 <a href=\"mailto:info@festaperte.org\">info@festaperte.org\u00a0<\/a> \u00a0 \u00a0 \u00a0 \u00a0 &#8211;\u00a0 \u00a0 \u00a0 e-mail:\u00a0 <a href=\"mailto:festaperte@pec.it\">festaperte@pec.it<\/a>\u00a0 <\/em><\/span><em style=\"color: #000080;\">\u00a0 \u00a0 \u00a0 \u00a0 \u00a0 \u00a0 sito web:\u00a0 \u00a0 <a href=\"http:\/\/www.festaperte.org\">www.festaperte.org\u00a0 <\/a>\u00a0 \u00a0 \u00a0 \u00a0 \u00a0 \u00a0 Codice Fiscale: 92072590281 &#8211; Associazione di Promozione Sociale iscritta nei registri delle\u00a0 APS\u00a0 della Regione Veneto\u00a0 e al RUNTS con il nr. PS\/PD0273\u00a0 e\u00a0 nei registri del Comune di Padova con il nr. 1226<\/em><\/p>\n","protected":false},"excerpt":{"rendered":"<p>\u00a0 &#8220;Ed allora sar\u00e0 sempre festa per te aps&#8220; &#8220;L&#8217;Associazione, esercita in via esclusiva o principale una o pi\u00f9 attivit\u00e0 di interesse generale per il perseguimento, senza scopo di lucro, finalit\u00e0 civiche, solidaristiche e di utilit\u00e0 sociale&#8221; (art. 5 dello Statuto). Dal 2001 propone alla cittadinanza Concerti di Musica Classica annuali che tiene nella Sala &hellip; <a href=\"https:\/\/www.festaperte.org\/festaperte_wp\/?page_id=33\" class=\"more-link\">Continua la lettura di <span class=\"screen-reader-text\">MISSION<\/span> <span class=\"meta-nav\">&rarr;<\/span><\/a><\/p>\n","protected":false},"author":1,"featured_media":0,"parent":0,"menu_order":3,"comment_status":"closed","ping_status":"closed","template":"","meta":[],"_links":{"self":[{"href":"https:\/\/www.festaperte.org\/festaperte_wp\/index.php?rest_route=\/wp\/v2\/pages\/33"}],"collection":[{"href":"https:\/\/www.festaperte.org\/festaperte_wp\/index.php?rest_route=\/wp\/v2\/pages"}],"about":[{"href":"https:\/\/www.festaperte.org\/festaperte_wp\/index.php?rest_route=\/wp\/v2\/types\/page"}],"author":[{"embeddable":true,"href":"https:\/\/www.festaperte.org\/festaperte_wp\/index.php?rest_route=\/wp\/v2\/users\/1"}],"replies":[{"embeddable":true,"href":"https:\/\/www.festaperte.org\/festaperte_wp\/index.php?rest_route=%2Fwp%2Fv2%2Fcomments&post=33"}],"version-history":[{"count":26,"href":"https:\/\/www.festaperte.org\/festaperte_wp\/index.php?rest_route=\/wp\/v2\/pages\/33\/revisions"}],"predecessor-version":[{"id":965,"href":"https:\/\/www.festaperte.org\/festaperte_wp\/index.php?rest_route=\/wp\/v2\/pages\/33\/revisions\/965"}],"wp:attachment":[{"href":"https:\/\/www.festaperte.org\/festaperte_wp\/index.php?rest_route=%2Fwp%2Fv2%2Fmedia&parent=33"}],"curies":[{"name":"wp","href":"https:\/\/api.w.org\/{rel}","templated":true}]}}

<p style="text-align: left;"><img decoding="async" loading="lazy" class="alignnone size-full wp-image-345" src="http://www.festaperte.org/festaperte_wp/wp-content/uploads/2018/03/Logo_nuovo_per_email-100px.jpg" alt="" width="87" height="100" />  &#8220;<strong><em>Ed allora sarà sempre festa per te aps</em></strong>&#8220;</p>
<p><em>&#8220;L&#8217;Associazione, esercita in via esclusiva o principale una o più attività di interesse generale per il perseguimento, senza scopo di lucro, finalità civiche, solidaristiche e di utilità sociale&#8221;</em> (art. 5 dello Statuto).</p>
<p>Dal 2001 propone alla cittadinanza Concerti di Musica Classica annuali che tiene nella Sala dei Giganti, al Palazzo Liviano dell’Università degli Studi di Padova.</p>
<p style="text-align: left;"><strong><img decoding="async" loading="lazy" class="alignnone wp-image-72" src="http://www.festaperte.org/festaperte_wp/wp-content/uploads/2016/04/Università.jpg" alt="Università" width="134" height="89" />   UNIVERSITA&#8217;</strong>:</p>
<p>Da 32 anni sostegno a studenti in grave disagio economico che accompagniamo fino al conseguimento della laurea.  Altro sostegno è fornito a bambini della Scuola Materna di San Giuseppe di Padova.                   Dal 1992 ad oggi con l&#8217;aiuto dell&#8217;Associazione hanno conseguito la laurea 32 studenti.</p>
<p><strong>  <img decoding="async" loading="lazy" class="alignnone wp-image-74" src="http://www.festaperte.org/festaperte_wp/wp-content/uploads/2016/04/Medicinali.jpg" alt="Medicinali" width="128" height="85" />  MEDICINALI</strong>:</p>
<p>Particolare attenzione, nell&#8217;amministrazione delle, seppur limitate risorse finanziarie, che sono generosamente donate dagli Associati e dai Sostenitori, viene riservata alla spedizione di medicinali a strutture sanitarie conosciute dal Consiglio Direttivo in Benin e Cuba. Sono medicinali che ci vengono preventivamente richiesti per le specifiche realtà sanitarie.</p>
<p><strong>   <img decoding="async" loading="lazy" class="alignnone wp-image-529" src="http://www.festaperte.org/festaperte_wp/wp-content/uploads/2018/10/adozioni_bambini-300x300.jpg" alt="" width="110" height="110" srcset="https://www.festaperte.org/festaperte_wp/wp-content/uploads/2018/10/adozioni_bambini-300x300.jpg 300w, https://www.festaperte.org/festaperte_wp/wp-content/uploads/2018/10/adozioni_bambini-150x150.jpg 150w, https://www.festaperte.org/festaperte_wp/wp-content/uploads/2018/10/adozioni_bambini.jpg 469w" sizes="(max-width: 110px) 100vw, 110px" />  A</strong><strong>DOZIONI A DISTANZA</strong></p>
<p>Un gruppo di signore si sono unite insieme per raccogliere dei fondi da destinare alle adozioni. Ci hanno chiesto che queste adozioni fossero seguite dalla nostra Associazione. Per loro abbiamo contattato un&#8217;altra Associazione, che riteniamo particolarmente organizzata per questo tipo di aiuto. Sosteniamo una bambina che accompagniamo negli studi nelle classi elementari in Messico.</p>
<p><strong> <img decoding="async" loading="lazy" class="alignnone wp-image-88" src="http://www.festaperte.org/festaperte_wp/wp-content/uploads/2016/06/Logo_nuovo_per_email-512px-261x300.jpg" alt="Logo_nuovo_per_email-512px" width="150" height="172" srcset="https://www.festaperte.org/festaperte_wp/wp-content/uploads/2016/06/Logo_nuovo_per_email-512px-261x300.jpg 261w, https://www.festaperte.org/festaperte_wp/wp-content/uploads/2016/06/Logo_nuovo_per_email-512px.jpg 445w" sizes="(max-width: 150px) 100vw, 150px" /></strong></p>
<p><strong> INTERVENTI STRAORDINARI</strong>:</p>
<p>Alle attività sopra menzionate vengono affiancati interventi assistenziali straordinari, che di volta in volta vengono preventivamente pianificati dal Consiglio Direttivo.</p>
<p>__________________________________________________________________</p>
<p><span style="color: #000080;"><em>Sede Sociale presso:              Centro Parrocchiale San Giuseppe    &#8211;      Piazzale S.Giuseppe,2     &#8211;  35141      Padova        Tel. 049.8718626                    e-mail:  <a href="mailto:info@festaperte.org">info@festaperte.org </a>         &#8211;      e-mail:  <a href="mailto:festaperte@pec.it">festaperte@pec.it</a>  </em></span><em style="color: #000080;">            sito web:    <a href="http://www.festaperte.org">www.festaperte.org  </a>            Codice Fiscale: 92072590281 &#8211; Associazione di Promozione Sociale iscritta nei registri delle  APS  della Regione Veneto  e al RUNTS con il nr. PS/PD0273  e  nei registri del Comune di Padova con il nr. 1226</em></p>

<p>  &#8220;Ed allora sarà sempre festa per te aps&#8220; &#8220;L&#8217;Associazione, esercita in via esclusiva o principale una o più attività di interesse generale per il perseguimento, senza scopo di lucro, finalità civiche, solidaristiche e di utilità sociale&#8221; (art. 5 dello Statuto). Dal 2001 propone alla cittadinanza Concerti di Musica Classica annuali che tiene nella Sala &hellip; <a href="https://www.festaperte.org/festaperte_wp/?page_id=33" class="more-link">Continua la lettura di <span class="screen-reader-text">MISSION</span> <span class="meta-nav">&rarr;</span></a></p>
